160019*m + 5280631. Determine s(33).
4
Let z(k) = -2*k**3 + 35*k**2 - 86*k + 1180. What is z(17)?
7
Let a(x) = 110*x**3 - 55771*x**2 + 514*x - 3552. Determine a(507).
-3
Let i(x) = 349899*x - 1749529. What is i(5)?
-34
Let f(w) = 1828*w - 6493. Give f(4).
819
Let h(q) = -5*q**3 - 16*q**2 + 41*q + 546. Determine h(-5).
566
Let x(a) = 2436*a + 92110. Determine x(-38).
-458
Let q(x) = -11827*x - 59340. Determine q(-5).
-205
Let h(n) = 16329*n - 130644. What is h(8)?
-12
Let i(u) = -132*u - 5711. Calculate i(-56).
1681
Let h(q) = 2*q**3 + 131*q**2 - 60*q - 8105. What is h(-65)?
20
Let u(c) = -4*c**3 - 166*c**2 - 1228*c + 2243. Calculate u(-12).
-13
Let t(s) = -355*s + 11480. Determine t(32).
120
Let n(z) = 769*z + 1336. Determine n(-2).
-202
Let b(m) = 1074*m - 48226. Determine b(45).
104
Let b(o) = -2*o**3 - 12*o**2 + 370*o - 510. Give b(10).
-10
Let y(t) = -t**2 - 168*t - 6795. Calculate y(-68).
5
Let p(h) = 223517*h + 2235004. Determine p(-10).
-166
Let d(z) = 2*z**2 - 411*z + 16215. Calculate d(53).
50
Let o(d) = -2*d**3 + 12*d**2 - 34*d + 318. Calculate o(7).
-18
Let r(w) = w**2 + 1028*w + 9349. Determine r(-9).
178
Let j(w) = w**3 + 75*w**2 + 695*w + 45949. What is j(-74)?
-5
Let f(s) = -4707*s + 117676. Give f(25).
1
Let t(p) = -9530*p - 47475. What is t(-5)?
175
Let d(m) = 364*m + 31028. Give d(-84).
452
Let v(l) = -l**3 - 7*l**2 + 83*l - 118. Determine v(5).
-3
Let i(f) = 18*f**2 + 430*f - 3203. Calculate i(6).
25
Let v(p) = 200*p - 14128. Give v(72).
272
Let m(d) = -14806*d - 2206126. What is m(-149)?
-32
Let t(f) = f**3 - 9*f**2 - 6145*f + 91. Calculate t(83).
-158
Let n(x) = 195*x**2 + 5649*x - 6. Give n(-29).
168
Let m(a) = 8*a**3 - 31*a**2 - a - 10. Determine m(4).
2
Let m(x) = -204746*x + 2047443. Determine m(10).
-17
Let x(o) = -o**3 - 8*o**2 + 2545*o + 22806. Give x(-9).
-18
Let p(k) = -2*k**3 - 26*k**2 + 223*k + 3083. Give p(-13).
184
Let d(p) = -6*p**3 + 1419*p**2 - 722*p + 3311. Determine d(236).
7
Let z(c) = -22221*c + 444440. Give z(20).
20
Let w(b) = -2*b**2 + 692*b - 43171. Give w(82).
125
Let a(m) = -m**3 + 39*m**2 + 401*m - 1215. Give a(47).
-40
Let t(h) = h**2 - 2382*h + 170840. Give t(74).
48
Let y(f) = -34*f**2 - 2957*f + 6160. Give y(-89).
19
Let d(o) = -2*o**3 - 176*o**2 + 6501*o + 5. Give d(28).
145
Let n(t) = 2*t**3 + 20*t**2 + 136*t - 37. What is n(11)?
6541
Let o(y) = -2*y**3 + 57*y**2 + 13*y - 1287. What is o(29)?
-1751
Let m(r) = -r**3 + 140*r**2 - 4067*r + 783. Determine m(99).
-9
Let i(t) = -5*t**3 - 310*t**2 - 142*t - 1777. What is i(-62)?
7027
Let n(y) = -y**2 - 945*y - 46442. Give n(-893).
-6
Let l(m) = 3*m**3 + 39*m**2 + 80*m - 16. Determine l(-2).
-44
Let z(j) = -j**2 + 123*j + 2171. Give z(-16).
-53
Let i(u) = u**2 + 296*u - 593. What is i(2)?
3
Let o(u) = -87*u**3 + 1657*u**2 - 80*u + 386. What is o(19)?
310
Let g(j) = -89*j + 1150. What is g(16)?
-274
Let u(l) = 355*l - 224. Give u(0).
-224
Let f(t) = 13803*t - 276103. Give f(20).
-43
Let h(o) = -33*o**2 + 4238*o - 1814. What is h(128)?
-22
Let s(n) = -n**2 + 10*n + 623. Calculate s(-14).
287
Let c(o) = -5897*o + 288967. What is c(49)?
14
Let j(p) = 977*p + 3548. Determine j(-6).
-2314
Let o(x) = 1015*x - 184720. Give o(182).
10
Let k(l) = 24084*l - 168593. Give k(7).
-5
Let p(v) = -v**3 + 20*v**2 + 1210*v + 402. Give p(-26).
38
Let t(s) = 66414*s + 730677. What is t(-11)?
123
Let a(j) = -5*j**3 + 391*j**2 + 60*j - 10756. Determine a(78).
8
Let d(f) = -9*f**2 - 1062*f + 19290. Calculate d(-134).
-6
Let k(y) = y**3 - 669*y**2 - 698*y + 18839. What is k(670)?
79
Let l(x) = 2*x**3 + 43*x**2 - 47*x + 1746. Determine l(-24).
-6
Let l(d) = -7584*d + 15208. What is l(2)?
40
Let r(f) = 3*f**2 - 833*f - 87602. What is r(359)?
-6
Let l(f) = f**3 - 42*f**2 + 48*f - 325. Give l(41).
-38
Let z(q) = -266197*q - 3460549. Calculate z(-13).
12
Let r(d) = 4*d**3 - 1143*d**2 - 3768*d + 3088. Give r(289).
-91
Let v(m) = -75927*m + 1746315. Determine v(23).
-6
Let i(d) = d**3 + 110*d**2 + 210*d - 639. Calculate i(-108).
9
Let k(l) = -l**3 + 103*l**2 - 351*l + 162. Determine k(3).
9
Let d(j) = 3*j**3 - 38*j**2 - 3437*j + 44560. Calculate d(13).
48
Let i(r) = -193*r + 5888. Calculate i(31).
-95
Let d(n) = 44*n**3 - 86*n**2 + 185*n. Give d(2).
378
Let m(s) = 9*s**2 + 558*s + 6948. Determine m(-17).
63
Let w(k) = -53*k**3 - 2*k**2 + 148*k - 297. Calculate w(2).
-433
Let q(x) = x**2 - 42*x - 558. Calculate q(65).
937
Let f(a) = -22*a**2 + 148*a - 289. Give f(2).
-81
Let d(z) = -z**3 + 4*z**2 + 6*z + 5. What is d(-1)?
4
Let p(s) = -842*s + 44381. What is p(52)?
597
Let k(h) = -3*h**3 + 424*h**2 + 2304*h + 28661. What is k(147)?
-4
Let s(f) = 6*f**2 - 196*f - 4589. Give s(-22).
2627
Let w(z) = z**2 + 61173*z - 1162653. Determine w(19).
-5
Let x(y) = 67*y**3 - 937*y**2 - 187. Give x(14).
9
Let h(p) = 97*p + 5723. Give h(-61).
-194
Let h(d) = -6*d**3 + 911*d**2 + 87*d + 9893. Determine h(152).
13
Let o(r) = 340*r + 10345. What is o(-31)?
-195
Let y(i) = -2*i**3 + 644*i**2 - 505*i - 43963. Calculate y(321).
14
Let x(s) = -879*s - 88538. Determine x(-99).
-1517
Let h(s) = 398*s - 55667. Give h(132).
-3131
Let y(f) = -9893*f + 3581277. Give y(362).
11
Let o(l) = 3*l**3 + 139*l**2 + 321*l + 507. Give o(-44).
-65
Let i(w) = -8*w**3 + 76*w**2 - 128*w + 259. Calculate i(8).
3
Let d(o) = 10*o**3 - 974*o**2 + 340*o - 700. Determine d(97).
-5356
Let r(g) = -198*g + 1316. Determine r(14).
-1456
Let b(z) = z**3 - 52*z**2 - 465*z + 2847. Calculate b(59).
-221
Let r(h) = h**3 + 5*h**2 - 145*h - 460. Determine r(-3).
-7
Let v(d) = d**3 - 1070*d**2 - 35327*d + 69439. Determine v(1102).
13
Let s(x) = -x**3 - 45*x**2 - 91*x - 145. Calculate s(-43).
70
Let v(i) = i**3 - 120*i**2 + 138*i - 2323. What is v(119)?
-62
Let c(q) = q**2 + 155*q + 5700. Give c(-59).
36
Let g(k) = k**3 - 55*k**2 + 390*k - 141. Give g(47).
517
Let i(a) = -8*a**2 + 5493*a - 21994. Give i(4).
-150
Let f(m) = 9412*m - 197833. What is f(21)?
-181
Let f(y) = 2*y**2 + 292*y - 10251. Determine f(-175).
-101
Let a(o) = 30*o**2 - 5156*o + 15478. What is a(3)?
280
Let q(l) = 460*l**3 - 458*l**2 + 599*l - 595. Calculate q(1).
6
Let q(m) = m**2 - 2173*m + 95877. What is q(45)?
117
Let c(j) = 34*j**3 - 20*j**2 + 47*j - 15. Give c(2).
271
Let i(h) = 4*h**3 + 662*h**2 + 785*h - 137728. Determine i(-163).
7
Let l(m) = -4*m**2 - 248*m + 2586. Calculate l(10).
-294
Let m(l) = -l**2 - 5507*l - 55055. Give m(-10).
-85
Let u(j) = 16127*j - 16153. Determine u(1).
-26
Let s(v) = -57314*v + 515723. What is s(9)?
-103
Let v(h) = -h**2 + 406*h + 57. Determine v(0).
57
Let s(t) = -8*t**3 - 49*t**2 - t + 81. Calculate s(6).
-3417
Let c(a) = -a**3 + 9*a**2 - 18*a + 512. Give c(11).
72
Let y(j) = 454020*j - 2270096. Calculate y(5).
4
Let q(x) = 24*x**2 + 404*x - 1517. What is q(-20)?
3
Let k(r) = 389290*r + 49829116. What is k(-128)?
-4
Let g(j) = j**3 + 359*j**2 + 30488*j - 1381. Calculate g(-138).
-1
Let s(l) = -18083*l + 235084. Give s(13).
5
Let k(u) = 37*u - 5806. Give k(157).
3
Let i(s) = -1897*s + 481840. Calculate i(254).
2
Let d(n) = -3*n**2 - 529*n + 36869. Give d(-232).
-1875
Let p(c) = -c**2 - 48*c - 231. Determine p(-18).
309
Let f(a) = -7648*a + 28727. Calculate f(4).
-1865
Let l(t) = -t**3 - 241*t**2 - 1432*t - 1261. What is l(-5)?
-1
Let g(w) = 569*w**3 - 4375*w**2 - 1416*w + 10. Give g(8).
10
Let s(p) = -38422*p - 192097. Calculate s(-5).
13
Let b(w) = -36*w - 46. Determine b(12).
-478
Let o(t) = 3*t**2 - 303*t + 6300. What is o(29)?
36
Let z(k) = -5092*k + 254602. Give z(50).
2
Let g(f) = -14*f**2 - 762*f + 270. Give g(-52).
2038
Let m(t) = 54178*t + 1950419. What is m(-36)?
11
Let y(z) = 1119*z - 10463. Give y(9).
-392
Let m(z) = -z**2 - 99141*z + 892352. Determine m(9).
2
Let a(y) = 33196*y + 1327835. Calculate a(-40).
-5
Let b(n) = -n**3 - 49*n**2 + 480*n - 2004. What is b(-58)?
432
Let z(k) = 3*k**3 - 68*k**2 - 171*k + 358. Give z(25).
458
Let v(l) = l**3 - 14*l**2 - 22*l - 1420. Determine v(19).
-33
Let z(n) = 40274*n - 120735. Determine z(3).
87
Let c(s) = s**3 + 38*s**2 + 173*s - 1857. Calculate c(-29).
695
Let s(v) = 992*v + 31851. Give s(-32).
107
Let v(w) = -w**3 + w**2 - 776*w + 3162. Determine v(4).
10
Let q(a) = -7*a**3 - 218*a**2 - 65*a - 712. Calculate q(-31).
342
Let i(q) = -152*q**2 + 1992*q + 24. Give i(13).
232
Le